of 15834575?
8
What is the ten thousands digit of 28166329?
6
What is the hundreds digit of 204371831?
8
What is the hundreds digit of 89008827?
8
What is the hundred millions digit of 597734683?
5
What is the hundreds digit of 51169916?
9
What is the millions digit of 520123214?
0
What is the hundred thousands digit of 653771309?
7
What is the units digit of 774497748?
8
What is the units digit of 52700330?
0
What is the millions digit of 876104836?
6
What is the hundred millions digit of 1599244800?
5
What is the hundreds digit of 24921756?
7
What is the millions digit of 149845519?
9
What is the ten thousands digit of 1717625?
1
What is the ten thousands digit of 131907385?
0
What is the hundreds digit of 560442830?
8
What is the hundred thousands digit of 664298030?
2
What is the ten millions digit of 809377446?
0
What is the tens digit of 531003?
0
What is the tens digit of 5541745996?
9
What is the hundred millions digit of 359139830?
3
What is the tens digit of 191611940?
4
What is the hundred thousands digit of 272954146?
9
What is the ten thousands digit of 25827917?
2
What is the ten thousands digit of 299583791?
8
What is the tens digit of 672118087?
8
What is the hundreds digit of 941351540?
5
What is the hundred millions digit of 141066524?
1
What is the ten thousands digit of 56983649?
8
What is the units digit of 5879157301?
1
What is the millions digit of 229946331?
9
What is the billions digit of 2191485626?
2
What is the tens digit of 555912244?
4
What is the hundred millions digit of 429942382?
4
What is the tens digit of 6680613?
1
What is the ten thousands digit of 16846262?
4
What is the hundreds digit of 64524433?
4
What is the ten thousands digit of 36705807?
0
What is the millions digit of 4909459484?
9
What is the thousands digit of 50493801?
3
What is the ten thousands digit of 2953910741?
1
What is the ten millions digit of 173255305?
7
What is the units digit of 186127660?
0
What is the tens digit of 111033903?
0
What is the units digit of 2153837?
7
What is the hundreds digit of 16986274?
2
What is the hundreds digit of 166516017?
0
What is the hundred millions digit of 9134520034?
1
What is the thousands digit of 84107937?
7
What is the tens digit of 84820890?
9
What is the ten millions digit of 27268527?
2
What is the ten thousands digit of 515574215?
7
What is the hundreds digit of 127347111?
1
What is the units digit of 25892205?
5
What is the hundred thousands digit of 750623308?
6
What is the ten thousands digit of 766991073?
9
What is the hundred millions digit of 301493916?
3
What is the hundred millions digit of 3231352424?
2
What is the hundred millions digit of 246946990?
2
What is the units digit of 92855246?
6
What is the hundred millions digit of 482908014?
4
What is the millions digit of 36550868?
6
What is the tens digit of 22533962?
6
What is the thousands digit of 374386234?
6
What is the billions digit of 3514536037?
3
What is the hundreds digit of 299314726?
7
What is the hundreds digit of 2532859166?
1
What is the hundred thousands digit of 2177326743?
3
What is the millions digit of 2068333833?
8
What is the ten thousands digit of 73073185?
7
What is the ten millions digit of 235298290?
3
What is the millions digit of 394900659?
4
What is the ten thousands digit of 1310538188?
3
What is the tens digit of 889778?
7
What is the ten millions digit of 467515804?
6
What is the ten thousands digit of 1086049242?
4
What is the millions digit of 212702989?
2
What is the ten thousands digit of 1651609276?
0
What is the thousands digit of 133582864?
2
What is the tens digit of 1258581872?
7
What is the ten thousands digit of 334187848?
8
What is the tens digit of 40726082?
8
What is the hundreds digit of 107784025?
0
What is the millions digit of 605918470?
5
What is the hundred thousands digit of 6966409?
9
What is the units digit of 62376344?
4
What is the units digit of 230247221?
1
What is the thousands digit of 3272193724?
3
What is the thousands digit of 70311695?
1
What is the hundred thousands digit of 1281621?
2
What is the tens digit of 120828602?
0
What is the millions digit of 101330880?
1
What is the ten millions digit of 43857137?
4
What is the units digit of 5599525233?
3
What is the millions digit of 648153559?
8
What is the hundreds digit of 56592126?
1
What is the tens digit of 49885537?
3
What is the hundred thousands digit of 875994368?
9
What is the tens digit of 11991988?
8
What is the billions digit of 1473542707?
1
What is the hundred millions digit of 6204920987?
2
What is the tens digit of 92496562?
6
What is the tens digit of 524244708?
0
What is the hundred thousands digit of 172428102?
4
What is the hundreds digit of 2356587356?
3
What is the tens digit of 797497126?
2
What is the millions digit of 2217733231?
7
What is the tens digit of 169471221?
2
What is the hundred millions digit of 183970097?
1
What is the hundred thousands digit of 423235284?
2
What is the ten thousands digit of 803341286?
4
What is the tens digit of 1091919595?
9
What is the hundreds digit of 538841933?
9
What is the tens digit of 1305845199?
9
What is the hundred thousands digit of 91440840?
4
What is the tens digit of 471647625?
2
What is the millions digit of 58635743?
8
What is the millions digit of 2351983727?
1
What is the hundreds digit of 752664317?
3
What is the hundred thousands digit of 202732?
2
What is the thousands digit of 70974057?
4
What is the tens digit of 154593455?
5
What is the thousands digit of 1133531652?
1
What is the ten thousands digit of 24347583?
4
What is the ten millions digit of 494130555?
9
What is the thousands digit of 55871944?
1
What is the tens digit of 130066892?
9
What is the units digit of 1591836342?
2
What is the hundred thousands digit of 116536588?
5
What is the millions digit of 140853442?
0
What is the units digit of 1289007255?
5
What is the millions digit of 6040638772?
0
What is the tens digit of 521570835?
3
What is the hundreds digit of 354787346?
3
What is the ten millions digit of 15693401?
1
What is the ten thousands digit of 3390646827?
4
What is the billions digit of 4047129705?
4
What is the hundreds digit of 7481072691?
6
What is the hundreds digit of 1114906350?
3
What is the units digit of 1251870020?
0
What is the hundred thousands digit of 2732892198?
8
What is the hundreds digit of 93218693?
6
What is the hundred millions digit of 2568072115?
5
What is the ten thousands digit of 357364521?
6
What is the millions digit of 208392104?
8
What is the hundreds digit of 74877846?
8
What is the millions digit of 299760042?
9
What is the units digit of 40372034?
4
What is the units digit of 1663500341?
1
What is the thousands digit of 6923624?
3
What is the units digit of 279045949?
9
What is the billions digit of 4698194940?
4
What is the hundred thousands digit of 2084423604?
4
What is the tens digit of 88282065?
6
What is the hundreds digit of 559136734?
7
What is the ten thousands digit of 117276475?
7
What is the hundred thousands digit of 16513407?
5
What is the units digit of 4905002079?
9
What is the thousands digit of 600765524?
5
What is the units digit of 4817172903?
3
What is the ten thousands digit of 198475020?
7
What is the ten thousands digit of 838195177?
9
What is the tens digit of 329915920?
2
What is the millions digit of 155472828?
5
What is the ten millions digit of 441474371?
4
What is the hundreds digit of 63708044?
0
What is the ten thousands digit of 117821209?
2
What is the millions digit of 5913955?
5
What is the millions digit of 83554337?
3
What is the tens digit of 412060076?
7
What is the millions digit of 64288231?
4
What is the ten thousands digit of 881741713?
4
What is the millions digit of 8836179?
8
What is the hundreds digit of 43623477?
4
What is the hundreds digit of 1540505953?
9
What is the hundred millions digit of 155650920?
1
What is the ten millions digit of 19917110?
1
What is the hundreds digit of 136785659?
6
What is the ten millions digit of 74827007?
7
What is the hundred millions digit of 125363852?
1
What is the ten thousands digit of 17720099?
2
What is the ten thousands digit of 191294070?
9
What is the tens digit of 105885248?
4
What is the hundreds digit of 316240114?
1
What is the 